{"id":2833,"date":"2016-03-11T22:47:35","date_gmt":"2016-03-12T01:47:35","guid":{"rendered":"http:\/\/www.letraseletricas.blog.br\/lit\/?page_id=2833"},"modified":"2017-11-13T16:32:51","modified_gmt":"2017-11-13T19:32:51","slug":"livros-disponiveis","status":"publish","type":"page","link":"https:\/\/www.letraseletricas.blog.br\/lit\/livros-disponiveis\/","title":{"rendered":"Loja"},"content":{"rendered":"<p><!-- Amazon iframe\n<iframe type='text\/html' frameborder='0' allowfullscreen style='max-width:100%' src='https:\/\/ler.amazon.com.br\/kp\/card?asin=B0778W6JWT&preview=newtab&linkCode=kpe&ref_=cm_sw_r_kb_dp_yXS-xbW0SMEBD&tag=letraeletr-20' \/>\n--><\/p>\n<style type='text\/css'>\n@keyframes novo {\n000% { color: transparent}\n025% { color: yellow     }\n050% { color: orange     }\n075% { color: red        }\n100% { color: purple     }\n}\n@keyframes kdp {\n000% { color: transparent}\n025% { color: lightgreen }\n050% { color: green }\n075% { color: magenta }\n100% { color: cyan       }\n}\n@keyframes print {\n000% { color: black   }\n020% { color: blue    }\n040% { color: red     }\n060% { color: orange  }\n080% { color: yellow  }\n100% { color: white   }\n}\n.bookshelf {\nmargin: auto;\ndisplay: table;\nwidth: auto;\npadding:0\n}\n.shelf { \ntext-align: center;\ndisplay: table-row;\nvertical-align: middle;\nposition: relative;\npadding: 0\n}\n.shelf p+p{\ntext-indent: 0\n}\n.book {\nz-index: initial;\ndisplay: table-cell;\nwidth: 181px!important;\nheight: 280px!important;\nvertical-align: middle;\npadding: 2.5px;\n}\n.book img {\nwidth: 179px;\nmax-width: 179px;\nheight: 100%;\nmax-height: 100%;\nz-index: 1;\ndisplay: inline;\nmargin: 0;\nborder: 1px solid black;\npadding: 0\n}\n.novo:before, .kdp:before, .hard:before {\nz-index: 3;\nwidth: 150px!important;\ndisplay: block;\nborder-radius: 13px;\ntext-align: center;\ntext-indent: 0;\npadding: 0;\nmargin: 0 auto ;\nheight: 0!important;\nposition: relative;\nanimation-iteration-count: 30;\n}\n.novo:before, .kdp:before {\ntop: 240px;\nfont-weight: bold;\n}\n.novo:before {\ncolor: red;\nfont-size: 29px;\ncontent: 'NOVO!';\nanimation-name: novo;\nanimation-duration: 3s;\nanimation-timing-function: ease-in;\n}\n.kdp:before {\ncolor: yellow;\nfont-size: 12.5px;\ncontent: 'Concorrente ao Premio Kindle 2017';\nanimation-name: kdp;\nanimation-duration: 10s;\n}\n.hard:before {\nfont: 9px normal Arial,sans-serif;\nbackground: #000;\ncolor: orange;\ncontent: 'VERS\u00c3O IMPRESSA DISPON\u00cdVEL';\nanimation-name: print;\nanimation-duration: 1.5s;\ntext-align: center;\ntop: 268px\n}\n.wow {\nfont-size: 11px;\nfont-weight: bold;\noverflow: auto;\npadding: 2ex;\ntext-align: justify;\npadding-top: 2ex;\n}\n<\/style>\n<div class='bookshelf' style='margin-bottom:2ex;text-align: justify'>Estes s\u00e3o os livros que tenho \u00e0 venda no momento, sempre atrav\u00e9s da <a href='https:\/\/www.amazon.com.br\/s\/ref=dp_byline_sr_ebooks_1?ie=UTF8&#038;text=Jos%C3%A9+Geraldo+Gouv%C3%AAa&#038;search-alias=digital-text&#038;field-author=Jos%C3%A9+Geraldo+Gouv%C3%AAa&#038;sort=relevancerank'>Kindle Direct Publishing<\/a>. Os livros publicados por editoras s\u00e3o comercializados em seus respectivos sistemas de venda on-line.<\/div>\n<div class='bookshelf'>\n<div class='shelf'>\n<p class='book novo'><a target='_blank' id='prova' href='https:\/\/ler.amazon.com.br\/kp\/card?asin=B077DMD1CF&#038;preview=newtab&#038;linkCode=kpe&#038;ref_=cm_sw_r_kb_dp_yXS-xbW0SMEBD&#038;tag=letraeletr-20'><img src=\"http:\/\/www.letraseletricas.blog.br\/lit\/wp-content\/uploads\/2016\/03\/bitmap-188x300.png\" alt=\"Capa de 'Prova de Vida'\" \/><\/a><\/p>\n<p class='book novo'><a target='_blank' id='arapucas' href='https:\/\/ler.amazon.com.br\/kp\/card?asin=B0778W6JWT&#038;preview=newtab&#038;linkCode=kpe&#038;ref_=cm_sw_r_kb_dp_yXS-xbW0SMEBD&#038;tag=letraeletr-20'><img alt=\"capa de 'Arapucas Libert\u00e1rias'\" src='https:\/\/images-na.ssl-images-amazon.com\/images\/I\/51-vIluGzTL.jpg' \/><\/a><\/p>\n<p class='book kdp'><a target='_blank' id='relogio' href='https:\/\/ler.amazon.com.br\/kp\/card?asin=B07727HW85&#038;preview=newtab&#038;linkCode=kpe&#038;ref_=cm_sw_r_kb_dp_yXS-xbW0SMEBD&#038;tag=letraeletr-20'><img src='https:\/\/images-na.ssl-images-amazon.com\/images\/I\/41xwX2cQA5L._SY346_.jpg' \/><\/a><\/p>\n<\/div>\n<div class='shelf'>\n<p class='book'><a target='_blank' id='passagem' href='https:\/\/ler.amazon.com.br\/kp\/card?asin=B071KJ8Y6J&#038;preview=newtab&#038;linkCode=kpe&#038;ref_=cm_sw_r_kb_dp_yXS-xbW0SMEBD&#038;tag=letraeletr-20'><img src='https:\/\/images-na.ssl-images-amazon.com\/images\/I\/515RA9tOM5L.jpg' \/><\/a><\/p>\n<p class='book'><a target='_blank' id='navegadores' href='https:\/\/ler.amazon.com.br\/kp\/card?asin=B071G5394R&#038;preview=newtab&#038;linkCode=kpe&#038;ref_=cm_sw_r_kb_dp_yXS-xbW0SMEBD&#038;tag=letraeletr-20'><img src='https:\/\/images-na.ssl-images-amazon.com\/images\/I\/51aJ7YQCryL.jpg' \/><\/a><\/p>\n<p class='book'><a target='_blank' id='manoel' href='https:\/\/ler.amazon.com.br\/kp\/card?asin=B06XV4FLC7&#038;preview=newtab&#038;linkCode=kpe&#038;ref_=cm_sw_r_kb_dp_yXS-xbW0SMEBD&#038;tag=letraeletr-20'><img src='https:\/\/images-na.ssl-images-amazon.com\/images\/I\/51bx8-QW-6L.jpg' \/><\/a><\/p>\n<\/div>\n<div class='shelf'>\n<p class='book hard'><a target='_blank' id='mythos' href='https:\/\/ler.amazon.com.br\/kp\/card?asin=B01M1R580N&#038;preview=newtab&#038;linkCode=kpe&#038;ref_=cm_sw_r_kb_dp_yXS-xbW0SMEBD&#038;tag=letraeletr-20'><img src='https:\/\/images-na.ssl-images-amazon.com\/images\/I\/51iAgdRK4IL._SY346_.jpg' \/><\/a><\/p>\n<p class='book hard'><a target='_blank' id='praia' href='https:\/\/ler.amazon.com.br\/kp\/card?asin=B06XTXFGBY&#038;preview=newtab&#038;linkCode=kpe&#038;ref_=cm_sw_r_kb_dp_yXS-xbW0SMEBD&#038;tag=letraeletr-20'><img src='https:\/\/images-na.ssl-images-amazon.com\/images\/I\/51DvJXX-vhL._SY346_.jpg' \/><\/a><\/p>\n<p class='book'><a target='_blank' id='invasao' href='https:\/\/ler.amazon.com.br\/kp\/card?asin=B06XV2VQ67&#038;preview=newtab&#038;linkCode=kpe&#038;ref_=cm_sw_r_kb_dp_yXS-xbW0SMEBD&#038;tag=letraeletr-20'><img src='https:\/\/images-na.ssl-images-amazon.com\/images\/I\/41LS5DigqmL.jpg' \/><\/a><\/p>\n<\/div>\n<div class='shelf'>\n<p class='book hard'><a target='_blank' id='amores' href='https:\/\/ler.amazon.com.br\/kp\/card?asin=B06XTQWK5C&#038;preview=newtab&#038;linkCode=kpe&#038;ref_=cm_sw_r_kb_dp_yXS-xbW0SMEBD&#038;tag=letraeletr-20'><img src='https:\/\/images-na.ssl-images-amazon.com\/images\/I\/51l8p0mSYXL.jpg' \/><\/a><\/p>\n<p class='book hard'><a target='_blank' id='reino' href='https:\/\/ler.amazon.com.br\/kp\/card?asin=B06XJVM5P6&#038;preview=newtab&#038;linkCode=kpe&#038;ref_=cm_sw_r_kb_dp_yXS-xbW0SMEBD&#038;tag=letraeletr-20'><img src='https:\/\/images-na.ssl-images-amazon.com\/images\/I\/51UqVNC0NzL._SY346_.jpg' \/><\/a><\/p>\n<p class='book hard'><a target='_blank' id='casa' href='https:\/\/ler.amazon.com.br\/kp\/card?asin=B06XTYHBVY&#038;preview=newtab&#038;linkCode=kpe&#038;ref_=cm_sw_r_kb_dp_yXS-xbW0SMEBD&#038;tag=letraeletr-20'><img src='https:\/\/images-na.ssl-images-amazon.com\/images\/I\/51JzAPapzdL.jpg' \/><\/a><\/p>\n<\/div>\n<\/div>\n","protected":false},"excerpt":{"rendered":"<p>Estes s\u00e3o os livros que tenho \u00e0 venda no momento, sempre atrav\u00e9s da Kindle Direct Publishing. Os livros publicados por editoras s\u00e3o comercializados em seus respectivos sistemas de venda on-line.<\/p>\n","protected":false},"author":1,"featured_media":0,"parent":0,"menu_order":0,"comment_status":"closed","ping_status":"closed","template":"","meta":[],"_links":{"self":[{"href":"https:\/\/www.letraseletricas.blog.br\/lit\/wp-json\/wp\/v2\/pages\/2833"}],"collection":[{"href":"https:\/\/www.letraseletricas.blog.br\/lit\/wp-json\/wp\/v2\/pages"}],"about":[{"href":"https:\/\/www.letraseletricas.blog.br\/lit\/wp-json\/wp\/v2\/types\/page"}],"author":[{"embeddable":true,"href":"https:\/\/www.letraseletricas.blog.br\/lit\/wp-json\/wp\/v2\/users\/1"}],"replies":[{"embeddable":true,"href":"https:\/\/www.letraseletricas.blog.br\/lit\/wp-json\/wp\/v2\/comments?post=2833"}],"version-history":[{"count":73,"href":"https:\/\/www.letraseletricas.blog.br\/lit\/wp-json\/wp\/v2\/pages\/2833\/revisions"}],"predecessor-version":[{"id":5581,"href":"https:\/\/www.letraseletricas.blog.br\/lit\/wp-json\/wp\/v2\/pages\/2833\/revisions\/5581"}],"wp:attachment":[{"href":"https:\/\/www.letraseletricas.blog.br\/lit\/wp-json\/wp\/v2\/media?parent=2833"}],"curies":[{"name":"wp","href":"https:\/\/api.w.org\/{rel}","templated":true}]}}